422 is divided by 100?
22
What is the remainder when 868742 is divided by 5678?
8
What is the remainder when 1639 is divided by 838?
801
What is the remainder when 17148 is divided by 1072?
1068
Calculate the remainder when 872446 is divided by 52.
42
What is the remainder when 1484 is divided by 246?
8
What is the remainder when 6035 is divided by 34?
17
Calculate the remainder when 11934 is divided by 176.
142
What is the remainder when 126080 is divided by 2066?
54
Calculate the remainder when 341 is divided by 58.
51
Calculate the remainder when 754007 is divided by 38.
11
Calculate the remainder when 19020 is divided by 657.
624
Calculate the remainder when 11290 is divided by 213.
1
What is the remainder when 452509 is divided by 79?
76
What is the remainder when 24651 is divided by 64?
11
Calculate the remainder when 34903 is divided by 4.
3
Calculate the remainder when 26273 is divided by 5252.
13
What is the remainder when 42061 is divided by 6007?
12
What is the remainder when 82834 is divided by 596?
586
Calculate the remainder when 4669 is divided by 1508.
145
Calculate the remainder when 7707 is divided by 384.
27
Calculate the remainder when 335914 is divided by 434.
432
What is the remainder when 82409 is divided by 246?
245
What is the remainder when 60221 is divided by 885?
41
Calculate the remainder when 3069750 is divided by 196.
194
Calculate the remainder when 6010 is divided by 5983.
27
Calculate the remainder when 3866 is divided by 90.
86
Calculate the remainder when 2447714 is divided by 58.
56
What is the remainder when 1483714 is divided by 43?
42
What is the remainder when 179252 is divided by 2938?
34
What is the remainder when 3430 is divided by 1587?
256
Calculate the remainder when 6248 is divided by 635.
533
Calculate the remainder when 629380 is divided by 629378.
2
Calculate the remainder when 1307 is divided by 49.
33
What is the remainder when 787450 is divided by 43?
34
Calculate the remainder when 135187 is divided by 3653.
26
Calculate the remainder when 8334 is divided by 1057.
935
What is the remainder when 4963 is divided by 77?
35
Calculate the remainder when 15481 is divided by 5149.
34
What is the remainder when 890167 is divided by 296717?
16
Calculate the remainder when 62957 is divided by 56.
13
Calculate the remainder when 75070 is divided by 194.
186
What is the remainder when 154085 is divided by 206?
203
Calculate the remainder when 16115 is divided by 101.
56
What is the remainder when 367264 is divided by 311?
284
What is the remainder when 204507 is divided by 85?
82
What is the remainder when 19498 is divided by 398?
394
What is the remainder when 124847 is divided by 1561?
1528
Calculate the remainder when 33538 is divided by 14.
8
What is the remainder when 6549 is divided by 1977?
618
What is the remainder when 4233 is divided by 1046?
49
What is the remainder when 12798015 is divided by 16?
15
What is the remainder when 528853 is divided by 176284?
1
Calculate the remainder when 7421 is divided by 371.
1
Calculate the remainder when 6804 is divided by 234.
18
Calculate the remainder when 100998 is divided by 16831.
12
What is the remainder when 263054 is divided by 247?
246
What is the remainder when 23215 is divided by 719?
207
Calculate the remainder when 2980 is divided by 35.
5
What is the remainder when 20995 is divided by 100?
95
What is the remainder when 5648 is divided by 376?
8
Calculate the remainder when 6201 is divided by 873.
90
Calculate the remainder when 4857 is divided by 960.
57
What is the remainder when 4330771 is divided by 1443588?
7
What is the remainder when 5477 is divided by 769?
94
Calculate the remainder when 2715 is divided by 535.
40
What is the remainder when 190461 is divided by 48?
45
Calculate the remainder when 1800844 is divided by 363.
1
What is the remainder when 26105 is divided by 272?
265
Calculate the remainder when 7656 is divided by 348.
0
What is the remainder when 8019 is divided by 224?
179
Calculate the remainder when 24829 is divided by 261.
34
Calculate the remainder when 16843 is divided by 576.
139
What is the remainder when 23321 is divided by 183?
80
Calculate the remainder when 3174079 is divided by 182.
181
What is the remainder when 1561 is divided by 152?
41
Calculate the remainder when 452680 is divided by 226334.
12
Calculate the remainder when 688065 is divided by 64.
1
What is the remainder when 43000 is divided by 223?
184
What is the remainder when 34383 is divided by 13?
11
What is the remainder when 54437 is divided by 290?
207
What is the remainder when 1147 is divided by 187?
25
What is the remainder when 2482 is divided by 189?
25
What is the remainder when 112211 is divided by 8?
3
Calculate the remainder when 1790 is divided by 307.
255
Calculate the remainder when 14497 is divided by 53.
28
Calculate the remainder when 13364 is divided by 6670.
24
What is the remainder when 80028 is divided by 35?
18
Calculate the remainder when 10245 is divided by 2967.
1344
Calculate the remainder when 4785 is divided by 12.
9
Calculate the remainder when 72812 is divided by 1915.
42
Calculate the remainder when 5822 is divided by 725.
22
What is the remainder when 19123 is divided by 24?
19
What is the remainder when 647035 is divided by 215675?
10
Calculate the remainder when 7078 is divided by 262.
4
Calculate the remainder when 4637 is divided by 257.
11
What is the remainder when 5844 is divided by 463?
288
Calculate the remainder when 113432 is divided by 73.
63
What is the remainder when 276559 is divided by 114?
109
What is the remainder when 29230 is divided by 2433?
34
What is the remainder when 5770 is divided by 339?
7
What is the remainder when 4145 is divided by 84?
29
Calculate the remainder when 594263 is divided by 30.
23
What is the remainder when 4502 is divided by 149?
32
What is the remainder when 233558 is divided by 201?
197
What is the remainder when 28135 is divided by 234?
55
What is the remainder when 223567 is divided by 276?
7
Calculate the remainder when 955412 is divided by 726.
722
What is the remainder when 4497 is divided by 514?
385
What is the remainder when 33385 is divided by 24?
1
What is the remainder when 9016622 is divided by 99?
98
Calculate the remainder when 12593 is divided by 6.
5
Calculate the remainder when 300201 is divided by 363.
0
Calculate the remainder when 5987 is divided by 230.
7
What is the remainder when 821 is divided by 195?
41
What is the remainder when 359922 is divided by 547?
543
Calculate the remainder when 148895 is divided by 376.
375
Calculate the remainder when 466982 is divided by 248.
246
Calculate the remainder when 129923 is divided by 18.
17
What is the remainder when 2563 is divided by 329?
260
What is the remainder when 385064 is divided by 387?
386
What is the remainder when 13782 is divided by 234?
210
What is the remainder when 24705 is divided by 24541?
164
What is the remainder when 1408 is divided by 260?
108
Calculate the remainder when 18218 is divided by 37.
14
Calculate the remainder when 13446 is divided by 656.
326
Calculate the remainder when 6026 is divided by 193.
43
What is the remainder when 2261688 is divided by 565419?
12
Calculate the remainder when 58167 is divided by 17.
10
What is the remainder when 859197 is divided by 48?
45
Calculate the remainder when 2932593 is divided by 159.
156
What is the remainder when 27964 is divided by 850?
764
Calculate the remainder when 8413 is divided by 758.
75
Calculate the remainder when 17163 is divided by 152.
139
What is the remainder when 286 is divided by 202?
84
What is the remainder when 2102 is divided by 682?
56
Calculate the remainder when 1938 is divided by 277.
276
Calculate the remainder when 10261 is divided by 10234.
27
What is the remainder when 357433 is divided by 121?
120
Calculate the remainder when 10951 is divided by 549.
520
What is the remainder when 78785 is divided by 19687?
37
What is the remainder when 271087 is divided by 39?
37
What is the remainder when 1609 is divided by 25?
9
What is the remainder when 3141 is divided by 525?
516
Calculate the remainder when 22063 is divided by 76.
23
What is the remainder when 25680 is divided by 14?
4
What is the remai